Let q(m) = m**3 + 11*m**2 + m + 40. Let s be q(-8). Let k be ((-56)/6)/(2/(-6)). What is the highest common factor of s and k?
28
Suppose -46*p = p - 35203. Calculate the highest common divisor of 642 and p.
107
Suppose 3*m - 209 + 165 = -x, 39 = x + 2*m. Calculate the greatest common divisor of 2987 and x.
29
Suppose 0 = -3*b - 12, 4*g + 0*g = 4*b + 252. Let l be (-705)/(-20) + (70/8)/(-7). Let j = l + 438. What is the greatest common factor of g and j?
59
Let z be 2/(-5) + 54/5*3. Suppose -z = 16*i - 17*i. Let m = i - 19. What is the highest common factor of 39 and m?
13
Let n = -3899 + 3959. What is the highest common divisor of 1695 and n?
15
Let y be (5/(-10))/(130/(-64) - -2). Let a(z) = -z**2 + 15*z + 17. Let o be a(y). Let q be -1*(3 + -7)/4. Calculate the highest common divisor of q and o.
1
Let g = 13931 - 13322. Calculate the highest common divisor of g and 1856.
29
Let t = 244 - 164. Let w(x) = -93*x**3 - 4*x**2 - 3*x + 2. Let b be w(-1). Let u = b - t. Calculate the greatest common factor of 70 and u.
14
Suppose 0 = 9*n - 14*n - 25. Let f be (-8)/100*n*5. Suppose -f*t + 9 = -t. Calculate the greatest common divisor of t and 6.
3
Let r be ((-3)/9 + 2)/((-15)/(-54)). Suppose w = -2*v - r, -9 = -w + 4*v + 9. Suppose -35*x = -36*x + w. What is the greatest common factor of x and 26?
2
Let p(h) = 16*h + 33. Let q be p(7). Let o be 1/(4/12 + q/(-480)). Calculate the greatest common divisor of 208 and o.
16
Let u = -14 + 60. Suppose -4*y + 38*y - 21114 = 7*y. What is the greatest common factor of y and u?
46
Let k = 123 + -118. Suppose -5*h + 6*j - 7*j = -49, -5*h + 55 = -k*j. Calculate the highest common divisor of 40 and h.
10
Let i = -17 - -24. Let l be (-55 - (-1674)/31)*(18/(-2) - -2). What is the highest common divisor of i and l?
7
Let x be (66/18 + -4)*-12. Suppose -x*f - 6860 = -24*f. What is the highest common divisor of 14 and f?
7
Let o be (12/(-21) - 0) + (-141140)/(-35). What is the greatest common divisor of 126 and o?
126
Let n(c) = -6*c + 28. Let u be n(4). Suppose -f + 2569 = 3*h, h - 255 - 616 = -u*f. What is the greatest common divisor of h and 45?
45
Let g be 6615/81 + (-20)/(-60). Let j(f) be the first derivative of 3*f**2 - 7*f + 2. Let y be j(8). Calculate the highest common factor of y and g.
41
Suppose -75*s + 1764 = -12*s. What is the greatest common divisor of s and 27076?
28
Suppose -4*c = 153 - 65. Let i be 8/12 - c/3. Let q(z) = -12*z + 854. Let n be q(71). Calculate the highest common factor of i and n.
2
Let c(x) = 18*x**3 - 3*x + 2. Let r(f) = 5*f - 17 + 3 - 4*f + 0*f. Let k be r(15). Let y be c(k). What is the greatest common divisor of y and 119?
17
Let n be 32 + (-7)/77*-11. What is the highest common factor of n and 1551?
33
Suppose -14*y = y + 60. Let h be y*13/(-10) - (-4)/5. What is the greatest common factor of h and 78?
6
Let x be (-1 - -121)/(211 - 209). Suppose 0 = -3*s + 215 + 190. Calculate the greatest common factor of x and s.
15
Let d = 160 + -159. Suppose 0 = -2*i - 5*y + d, 11 = 4*i - 2*y - 3. What is the highest common factor of 9 and i?
3
Let p be -13 + (3/12 - 282840/(-160)). Calculate the highest common factor of 432 and p.
27
Suppose -199*s - 1211 + 6887 = -8652. Let t be 3 - 2 - (1 - 96). Calculate the greatest common factor of t and s.
24
Let c be (-5 + 0)/(-2 - (-9 + 8)). Suppose 0*s = s + 5*y - 68, -c*s = 4*y - 382. Calculate the highest common factor of 624 and s.
78
Let u = 3 - -5. Suppose -2*l - 5*y = -l - 16, 110 = 5*l - 5*y. Suppose 1 = 11*d - l. What is the greatest common divisor of d and u?
2
Suppose -3*w = 2*z - 5, 0*z - 3*z + w + 24 = 0. Calculate the greatest common divisor of 126 and z.
7
Let m be (-272)/17 + -3*(-1 - 0). Let w be ((-5)/(-3))/(m/(-39)). Suppose 3*q = 6*q + g - 59, -w*g = 5. Calculate the greatest common divisor of 10 and q.
10
Let k be -1*(1*-4 - (-112)/7). Let w(y) = -3*y - 30. Let q be w(k). Calculate the greatest common factor of 102 and q.
6
Let v be (-117)/(24/752*(0 + -2)). What is the greatest common divisor of v and 78?
39
Let d(l) be the second derivative of 3*l**5/20 - 4*l**4/3 + 7*l**3/2 + 7*l**2/2 - 5*l. Let c be d(6). What is the highest common divisor of 123 and c?
41
Let q(d) = d + 1173. Let z be q(0). Suppose 18*y = 42*y - 1224. What is the greatest common factor of z and y?
51
Suppose -36*p - 2*p + 4875 = p. What is the highest common divisor of p and 35?
5
Suppose -44*v = -39*v - 720. Suppose v = -4*y + 7*y. Calculate the highest common divisor of y and 18.
6
Let w be ((-133)/(-49) + 2/7)*-16. Let m be (27/(-6))/(-2*(-4)/w). What is the highest common factor of 99 and m?
9
Suppose -t = -5*g + 2246, -3*t = g - 2*g + 438. Calculate the highest common factor of g and 720.
90
Suppose 2*g - 4*d + 18 = 3*g, 5*g - d = 6. Suppose 5*m - i - 54 = 0, m + 2*i + g = -i. Let y = m + -5. Calculate the greatest common factor of 5 and y.
5
Let h be (18/225 - 1185/750)/((-1)/82). Calculate the greatest common divisor of 3854 and h.
41
Let z = -11348 + 11369. Calculate the greatest common factor of 2947 and z.
7
Let c = -3 + 15. Let w = 1258 - 818. Let b = w + -344. What is the highest common divisor of c and b?
12
Let r be 1/7 - (-204)/(-7). Let i be (-99)/2*r/((-261)/(-108)). Calculate the highest common factor of 66 and i.
66
Let j be (-2)/(-9) + (1648/36 - -4). What is the highest common divisor of j and 775?
25
Let x = 8205 + -8099. Calculate the highest common divisor of 13 and x.
1
Let a be 25014/275 - (-7)/175. Calculate the greatest common divisor of a and 7189.
91
Let s(z) = -z**3 - 42*z**2 - 16*z. Let q be s(-42). Calculate the greatest common factor of q and 266.
14
Let f = -7919 - -8607. Calculate the highest common factor of 240 and f.
16
Let r(a) = 11*a**3 - 2*a - 4. Let o = -535 - -537. Let j be r(o). What is the highest common factor of 8 and j?
8
Let d = 1768 - 1327. Calculate the highest common divisor of 261 and d.
9
Suppose 111*h - 685859 = 1281752 - 196273. Calculate the highest common factor of h and 316.
158
Suppose -3*w + 2*d - 9 = 0, 0 = 5*w - 5*d + 2 + 18. Let j be (-5 + w)*(-162)/36. Suppose 0 = -x + 83 - j. What is the highest common divisor of 616 and x?
56
Suppose -9*q + 19482 = 18546. Calculate the highest common divisor of q and 1638.
26
Let k be ((-9)/6 - -1)/((-3)/18). Calculate the highest common divisor of 2451 and k.
3
Let n = 3917 + -3878. Calculate the highest common divisor of n and 1027.
13
Suppose -3*j - j - 16 = 0, -2*j - 132 = -b. Let f(d) = -4*d**3 - 114*d**2 - 56*d + 4. Let o be f(-28). What is the greatest common factor of o and b?
4
Let m(n) = -n**3 - 13*n**2 - 63*n - 476. Let r be m(-12). Calculate the greatest common divisor of r and 1615.
17
Suppose -4 = -2*x - 0*x. Let j be 45*19 + 0 + x. Suppose 2*p - 4*y - 320 = 0, j - 250 = 4*p + 3*y. What is the highest common divisor of 22 and p?
22
Suppose -9652 = -2*d - 4*i, i - 24333 = -5*d - 158. What is the greatest common factor of d and 248?
124
Suppose -22*p - 9*p + 113*p = 289296. Calculate the highest common factor of 98 and p.
98
Suppose -3*z + 64*y = 67*y - 45, -71 = -5*z - 4*y. Calculate the highest common divisor of z and 5599.
11
Let b(o) = 13138 - 13128 + o + o - 3*o. Let r be (-3 - 0) + 1 - 1. Let z be b(r). What is the greatest common divisor of 65 and z?
13
Let c be 16/72 - (1 - (-38735)/(-45)). Calculate the greatest common factor of 40 and c.
20
Let q = -1228 + 1432. What is the highest common factor of 85 and q?
17
Let y(k) = 6*k**2 + 71*k - 7. Let j be y(-12). Suppose -j*c + 10*c = 275. Calculate the greatest common factor of 77 and c.
11
Let u = -425 + 519. What is the greatest common divisor of u and 3055?
47
Suppose 84744 = 71*m - 66*m + d, -4*m + d + 67806 = 0. What is the greatest common factor of 300 and m?
150
Let u(z) = -2*z**3 - 14*z**2 - z + 2. Let l be u(-6). Let m = l + 73. Calculate the greatest common factor of 36 and m.
9
Let h be 7/6 + (-190)/(-228). Let w = 55 - 39. What is the highest common divisor of w and h?
2
Let y be 10/7 - 4/(-7). Let u = 603 - 549. What is the highest common divisor of y and u?
2
Let z = -14009 - -14011. What is the highest common factor of 7064 and z?
2
Suppose -15*m + 4*v - 82502 = -18*m, v = m - 27517. What is the greatest common factor of 210 and m?
210
Let o = -5366 - -5643. Calculate t